{"id":480,"date":"2021-05-28T14:13:31","date_gmt":"2021-05-28T12:13:31","guid":{"rendered":"https:\/\/rescue-normandie-formation.fr\/?page_id=480"},"modified":"2024-12-08T11:00:18","modified_gmt":"2024-12-08T10:00:18","slug":"sensibilisation-aux-premiers-secours-des-urgences-vitales","status":"publish","type":"page","link":"https:\/\/rescue-normandie-formation.fr\/?page_id=480","title":{"rendered":"Sensibilisation aux premiers secours des urgences vitales"},"content":{"rendered":"\n<h2 class=\"wp-block-heading\">NATURE DE LA FORMATION ET PUBLIC<\/h2>\n\n\n\n<p>S\u2019initier aux premiers secours et s\u2019adresse \u00e0 toutes personnes n\u2019ayant encore jamais suivi une formation de secourisme<\/p>\n\n\n\n<h2 class=\"wp-block-heading\">PREREQUIS<\/h2>\n\n\n\n<p>Aucun<\/p>\n\n\n\n<h2 class=\"wp-block-heading\">DEFINITION DES OBJECTIFS&nbsp;: \u00catre capable de<\/h2>\n\n\n\n<ul>\n<li>Se prot\u00e9ger, de prot\u00e9ger la victime et les t\u00e9moins&nbsp;: Eviter le suraccident<\/li>\n\n\n\n<li>Savoir alerter les secours d\u2019urgence adapt\u00e9s<\/li>\n\n\n\n<li>Savoir reconna\u00eetre une urgence vitale et \u00e9viter son aggravation<\/li>\n\n\n\n<li>Savoir emp\u00eacher l\u2019aggravation de l\u2019\u00e9tat de la victime dans l\u2019attente des secours<\/li>\n<\/ul>\n\n\n\n<h2 class=\"wp-block-heading\">SOURCES ET MOYENS PEDAGOGIQUES<\/h2>\n\n\n\n<p>L\u2019ensemble du programme de laformation est enseign\u00e9 par vid\u00e9o-projection, puis sous la forme de cas concrets avec manipulation de mannequins et de mat\u00e9riels de simulation et d\u2019apprentissage avec mise en application des gestes<\/p>\n\n\n\n<p>Remise d\u2019un support de formation \u00e0 chaque participant<\/p>\n\n\n\n<h2 class=\"wp-block-heading\">DUREE DE LA FORMATION<\/h2>\n\n\n\n<p>Elle est de 3,5 heures en pr\u00e9sentiel pour un nombre de 4 \u00e0 10 participants<\/p>\n\n\n\n<h2 class=\"wp-block-heading\">ENCADREMENT DE LA FORMATION<\/h2>\n\n\n\n<p>Formateur SST ou Pompiers<\/p>\n\n\n\n<h2 class=\"wp-block-heading\">SANCTION DE LA FORMATION<\/h2>\n\n\n\n<p>Attestation de formation<\/p>\n\n\n\n<h2 class=\"wp-block-heading\">TARIF : <\/h2>\n\n\n\n<p>Intra : nous contacter<\/p>\n\n\n\n<p>Inter : 35 \u20ac \/participant<\/p>\n\n\n\n<h2 class=\"wp-block-heading\">LIEU : <\/h2>\n\n\n\n<p>Inter et intra<\/p>\n\n\n\n<h2 class=\"wp-block-heading\">APPRECIATION DES PARTICIPANTS<\/h2>\n\n\n\n<p>A l\u2019issue de la formation, Rescue Normandie Formation remettra une fiche d\u2019\u00e9valuation \u00e0 chaque participant que celui-ci devra compl\u00e9ter pour y apporter ses remarques \u00e9ventuelles et son appr\u00e9ciation sur l\u2019enseignement dispens\u00e9, les qualit\u00e9s du formateur, les atteintes des objectifs p\u00e9dagogiques, les locaux et le mat\u00e9riel\u2026 Ces informations peuvent \u00eatre utiles pour l\u2019am\u00e9lioration de la qualit\u00e9 des formations ult\u00e9rieures.<\/p>\n\n\n\n<h2 class=\"wp-block-heading\">CONTENU DE LA FORMATION<\/h2>\n\n\n\n<p>Apr\u00e8s la pr\u00e9sentation du formateur et des participants&nbsp;:<\/p>\n\n\n\n<ul>\n<li>Les objectifs de la formation<\/li>\n\n\n\n<li>La protection et l\u2019alerte<\/li>\n<\/ul>\n\n\n\n<ul>\n<li>Rep\u00e9rer les situations dangereuses et supprimer ou baliser le danger<\/li>\n\n\n\n<li>Prot\u00e9ger la victime<\/li>\n\n\n\n<li>Les moyens d\u2019alerte et num\u00e9ros d\u2019urgence<\/li>\n\n\n\n<li>Le message d\u2019alerte<\/li>\n\n\n\n<li>Secourir<\/li>\n<\/ul>\n\n\n\n<ul>\n<li>La victime saigne abondamment&nbsp;: R\u00e9aliser les gestes pour arr\u00eater ou limiter la perte de sang<\/li>\n\n\n\n<li>La victime s\u2019\u00e9touffe&nbsp;: Reconna\u00eetre une obstruction partielle et une grave (compl\u00e8te) et savoir agir en cons\u00e9quence<\/li>\n\n\n\n<li>La victime ne r\u00e9pond pas mais respire encore&nbsp;: Mise en PLS pour prot\u00e9ger et lib\u00e9rer les voies a\u00e9riennes<\/li>\n\n\n\n<li>La victime ne r\u00e9pond pas et ne respire plus&nbsp;: Massage cardiaque et pose d\u2019un DEA<\/li>\n<\/ul>\n\n\n\n<div class=\"wp-block-group\"><div class=\"wp-block-group__inner-container is-layout-constrained wp-block-group-is-layout-constrained\">\n<h2 class=\"wp-block-heading\">D\u00e9lais et modalit\u00e9s d&rsquo;acc\u00e8s :<\/h2>\n\n\n\n<p>Prendre contact avec notre organisme de formation<\/p>\n\n\n\n<p>Le d\u00e9lai d&rsquo;acc\u00e8s est r\u00e9gi par l&rsquo;agenda de l&rsquo;organisme de formation (entre 2 et 8 semaines \u00e0 r\u00e9ception du devis valid\u00e9)<\/p>\n<\/div><\/div>\n\n\n\n<div id=\"wp-block-themeisle-blocks-circle-counter-64288bbd\" data-percentage=\"97\" data-duration=\"2\" data-height=\"200\" data-stroke-width=\"10\" data-font-size-percent=\"30\" data-progress-stroke=\"#ff0000\" class=\"wp-block-themeisle-blocks-circle-counter\"><div class=\"wp-block-themeisle-blocks-circle-counter-title__area\"><span class=\"wp-block-themeisle-blocks-circle-counter-title__value\">Taux de satisfaction de la formation<\/span><\/div><div class=\"wp-block-themeisle-blocks-circle-counter__bar\"><\/div><\/div>\n\n\n\n<div id=\"wp-block-themeisle-blocks-circle-counter-40a95839\" data-percentage=\"100\" data-duration=\"2\" data-height=\"200\" data-stroke-width=\"10\" data-font-size-percent=\"30\" data-progress-stroke=\"#ff0000\" class=\"wp-block-themeisle-blocks-circle-counter\"><div class=\"wp-block-themeisle-blocks-circle-counter-title__area\"><span class=\"wp-block-themeisle-blocks-circle-counter-title__value\">Taux de r\u00e9ussite de la formation<\/span><\/div><div class=\"wp-block-themeisle-blocks-circle-counter__bar\"><\/div><\/div>\n\n\n\n<p class=\"has-text-align-center\"><em>Indicateurs mis \u00e0 jour le 07\/12\/2024<\/em><\/p>\n\n\n\n<p><\/p>\n\n\n\n<p class=\"has-text-align-center\"><a href=\"https:\/\/rescue-normandie-formation.fr\/?page_id=212\"><strong>Accessibilit\u00e9 pour les personnes en situation de handicap<\/strong><\/a><\/p>\n\n\n\n<p class=\"has-text-align-center\">Vous souhaitez t\u00e9l\u00e9charger le document relatif au programme de la formation Sensibilisation aux premiers secours des urgences vitales ?<\/p>\n\n\n\n<div id=\"wp-block-themeisle-blocks-button-group-9c6abe41\" class=\"wp-block-themeisle-blocks-button-group wp-block-buttons align-center-desktop\">\n<div id=\"wp-block-themeisle-blocks-button-f0cf9e2a\" class=\"wp-block-themeisle-blocks-button wp-block-button\"><a href=\"https:\/\/rescue-normandie-formation.fr\/wp-content\/uploads\/2022\/01\/S1S001-2.pdf\" target=\"_self\" rel=\"noopener noreferrer\" class=\"wp-block-button__link\"><i class=\"fas fa-fw fa-file-download margin-right\"><\/i><span>T\u00e9l\u00e9charger le programme<\/span><\/a><\/div>\n<\/div>\n\n\n\n<p class=\"has-text-align-center\">R\u00e9f : SPS001 Version : V2 du 14\/12\/2021<\/p>\n\n\n\n<div class=\"wp-block-buttons is-content-justification-center is-layout-flex wp-container-core-buttons-is-layout-1 wp-block-buttons-is-layout-flex\" style=\"font-style:italic;font-weight:700\">\n<div class=\"wp-block-button\"><a class=\"wp-block-button__link wp-element-button\" href=\"https:\/\/rescue-normandie-formation.fr\/#menuFormations\">Voir les autres formations<\/a><\/div>\n<\/div>\n\n\n\n<div style=\"height:17px\" aria-hidden=\"true\" class=\"wp-block-spacer\"><\/div>\n","protected":false},"excerpt":{"rendered":"<p>NATURE DE LA FORMATION ET PUBLIC S\u2019initier aux premiers secours et s\u2019adresse \u00e0 toutes personnes n\u2019ayant encore jamais suivi une formation de secourisme PREREQUIS Aucun DEFINITION DES OBJECTIFS&nbsp;: \u00catre capable de SOURCES ET MOYENS PEDAGOGIQUES L\u2019ensemble du programme de laformation est enseign\u00e9 par vid\u00e9o-projection, puis sous la forme de cas [&hellip;]<\/p>\n","protected":false},"author":1,"featured_media":0,"parent":0,"menu_order":0,"comment_status":"closed","ping_status":"closed","template":"","meta":{"_themeisle_gutenberg_block_has_review":false,"footnotes":""},"_links":{"self":[{"href":"https:\/\/rescue-normandie-formation.fr\/index.php?rest_route=\/wp\/v2\/pages\/480"}],"collection":[{"href":"https:\/\/rescue-normandie-formation.fr\/index.php?rest_route=\/wp\/v2\/pages"}],"about":[{"href":"https:\/\/rescue-normandie-formation.fr\/index.php?rest_route=\/wp\/v2\/types\/page"}],"author":[{"embeddable":true,"href":"https:\/\/rescue-normandie-formation.fr\/index.php?rest_route=\/wp\/v2\/users\/1"}],"replies":[{"embeddable":true,"href":"https:\/\/rescue-normandie-formation.fr\/index.php?rest_route=%2Fwp%2Fv2%2Fcomments&post=480"}],"version-history":[{"count":16,"href":"https:\/\/rescue-normandie-formation.fr\/index.php?rest_route=\/wp\/v2\/pages\/480\/revisions"}],"predecessor-version":[{"id":984,"href":"https:\/\/rescue-normandie-formation.fr\/index.php?rest_route=\/wp\/v2\/pages\/480\/revisions\/984"}],"wp:attachment":[{"href":"https:\/\/rescue-normandie-formation.fr\/index.php?rest_route=%2Fwp%2Fv2%2Fmedia&parent=480"}],"curies":[{"name":"wp","href":"https:\/\/api.w.org\/{rel}","templated":true}]}}

<h2 class="wp-block-heading">NATURE DE LA FORMATION ET PUBLIC</h2>



<p>S’initier aux premiers secours et s’adresse à toutes personnes n’ayant encore jamais suivi une formation de secourisme</p>



<h2 class="wp-block-heading">PREREQUIS</h2>



<p>Aucun</p>



<h2 class="wp-block-heading">DEFINITION DES OBJECTIFS&nbsp;: Être capable de</h2>



<ul>
<li>Se protéger, de protéger la victime et les témoins&nbsp;: Eviter le suraccident</li>



<li>Savoir alerter les secours d’urgence adaptés</li>



<li>Savoir reconnaître une urgence vitale et éviter son aggravation</li>



<li>Savoir empêcher l’aggravation de l’état de la victime dans l’attente des secours</li>
</ul>



<h2 class="wp-block-heading">SOURCES ET MOYENS PEDAGOGIQUES</h2>



<p>L’ensemble du programme de laformation est enseigné par vidéo-projection, puis sous la forme de cas concrets avec manipulation de mannequins et de matériels de simulation et d’apprentissage avec mise en application des gestes</p>



<p>Remise d’un support de formation à chaque participant</p>



<h2 class="wp-block-heading">DUREE DE LA FORMATION</h2>



<p>Elle est de 3,5 heures en présentiel pour un nombre de 4 à 10 participants</p>



<h2 class="wp-block-heading">ENCADREMENT DE LA FORMATION</h2>



<p>Formateur SST ou Pompiers</p>



<h2 class="wp-block-heading">SANCTION DE LA FORMATION</h2>



<p>Attestation de formation</p>



<h2 class="wp-block-heading">TARIF : </h2>



<p>Intra : nous contacter</p>



<p>Inter : 35 € /participant</p>



<h2 class="wp-block-heading">LIEU : </h2>



<p>Inter et intra</p>



<h2 class="wp-block-heading">APPRECIATION DES PARTICIPANTS</h2>



<p>A l’issue de la formation, Rescue Normandie Formation remettra une fiche d’évaluation à chaque participant que celui-ci devra compléter pour y apporter ses remarques éventuelles et son appréciation sur l’enseignement dispensé, les qualités du formateur, les atteintes des objectifs pédagogiques, les locaux et le matériel… Ces informations peuvent être utiles pour l’amélioration de la qualité des formations ultérieures.</p>



<h2 class="wp-block-heading">CONTENU DE LA FORMATION</h2>



<p>Après la présentation du formateur et des participants&nbsp;:</p>



<ul>
<li>Les objectifs de la formation</li>



<li>La protection et l’alerte</li>
</ul>



<ul>
<li>Repérer les situations dangereuses et supprimer ou baliser le danger</li>



<li>Protéger la victime</li>



<li>Les moyens d’alerte et numéros d’urgence</li>



<li>Le message d’alerte</li>



<li>Secourir</li>
</ul>



<ul>
<li>La victime saigne abondamment&nbsp;: Réaliser les gestes pour arrêter ou limiter la perte de sang</li>



<li>La victime s’étouffe&nbsp;: Reconnaître une obstruction partielle et une grave (complète) et savoir agir en conséquence</li>



<li>La victime ne répond pas mais respire encore&nbsp;: Mise en PLS pour protéger et libérer les voies aériennes</li>



<li>La victime ne répond pas et ne respire plus&nbsp;: Massage cardiaque et pose d’un DEA</li>
</ul>



<div class="wp-block-group"><div class="wp-block-group__inner-container is-layout-constrained wp-block-group-is-layout-constrained">
<h2 class="wp-block-heading">Délais et modalités d&rsquo;accès :</h2>



<p>Prendre contact avec notre organisme de formation</p>



<p>Le délai d&rsquo;accès est régi par l&rsquo;agenda de l&rsquo;organisme de formation (entre 2 et 8 semaines à réception du devis validé)</p>
</div></div>



<div id="wp-block-themeisle-blocks-circle-counter-64288bbd" data-percentage="97" data-duration="2" data-height="200" data-stroke-width="10" data-font-size-percent="30" data-progress-stroke="#ff0000" class="wp-block-themeisle-blocks-circle-counter"><div class="wp-block-themeisle-blocks-circle-counter-title__area"><span class="wp-block-themeisle-blocks-circle-counter-title__value">Taux de satisfaction de la formation</span></div><div class="wp-block-themeisle-blocks-circle-counter__bar"></div></div>



<div id="wp-block-themeisle-blocks-circle-counter-40a95839" data-percentage="100" data-duration="2" data-height="200" data-stroke-width="10" data-font-size-percent="30" data-progress-stroke="#ff0000" class="wp-block-themeisle-blocks-circle-counter"><div class="wp-block-themeisle-blocks-circle-counter-title__area"><span class="wp-block-themeisle-blocks-circle-counter-title__value">Taux de réussite de la formation</span></div><div class="wp-block-themeisle-blocks-circle-counter__bar"></div></div>



<p class="has-text-align-center"><em>Indicateurs mis à jour le 07/12/2024</em></p>



<p></p>



<p class="has-text-align-center"><a href="https://rescue-normandie-formation.fr/?page_id=212"><strong>Accessibilité pour les personnes en situation de handicap</strong></a></p>



<p class="has-text-align-center">Vous souhaitez télécharger le document relatif au programme de la formation Sensibilisation aux premiers secours des urgences vitales ?</p>



<div id="wp-block-themeisle-blocks-button-group-9c6abe41" class="wp-block-themeisle-blocks-button-group wp-block-buttons align-center-desktop">
<div id="wp-block-themeisle-blocks-button-f0cf9e2a" class="wp-block-themeisle-blocks-button wp-block-button"><a href="https://rescue-normandie-formation.fr/wp-content/uploads/2022/01/S1S001-2.pdf" target="_self" rel="noopener noreferrer" class="wp-block-button__link"><i class="fas fa-fw fa-file-download margin-right"></i><span>Télécharger le programme</span></a></div>
</div>



<p class="has-text-align-center">Réf : SPS001 Version : V2 du 14/12/2021</p>



<div class="wp-block-buttons is-content-justification-center is-layout-flex wp-container-core-buttons-is-layout-1 wp-block-buttons-is-layout-flex" style="font-style:italic;font-weight:700">
<div class="wp-block-button"><a class="wp-block-button__link wp-element-button" href="https://rescue-normandie-formation.fr/#menuFormations">Voir les autres formations</a></div>
</div>



<div style="height:17px" aria-hidden="true" class="wp-block-spacer"></div>

<p>NATURE DE LA FORMATION ET PUBLIC S’initier aux premiers secours et s’adresse à toutes personnes n’ayant encore jamais suivi une formation de secourisme PREREQUIS Aucun DEFINITION DES OBJECTIFS&nbsp;: Être capable de SOURCES ET MOYENS PEDAGOGIQUES L’ensemble du programme de laformation est enseigné par vidéo-projection, puis sous la forme de cas [&hellip;]</p>
