{"id":784,"date":"2023-07-27T22:55:36","date_gmt":"2023-07-27T20:55:36","guid":{"rendered":"https:\/\/rescue-normandie-formation.fr\/?page_id=784"},"modified":"2023-10-19T17:04:02","modified_gmt":"2023-10-19T15:04:02","slug":"devenir-acteur-aps-asd-alm","status":"publish","type":"page","link":"https:\/\/rescue-normandie-formation.fr\/?page_id=784","title":{"rendered":"Devenir acteur APS ASD ALM"},"content":{"rendered":"\n<p>Acteur en Pr\u00e9vention Secours du secteur de l&rsquo;Aide et du Soin \u00e0 Domicile incluant l&rsquo;accompagnement de la mobilit\u00e9 de la personne aid\u00e9e, en prenant soin de l&rsquo;autre et de soi<\/p>\n\n\n\n<h2 class=\"wp-block-heading\">Dur\u00e9e :<\/h2>\n\n\n\n<p>4,5 jours non cons\u00e9cutifs<\/p>\n\n\n\n<p>32 heures en pr\u00e9sentiel (22h00 pour la partie pr\u00e9vention dont 14 heures consacr\u00e9es \u00e0 l&rsquo;ALM et 10h00 au SST) en s\u00e9quence non cons\u00e9cutives + travaux d&rsquo;intersessions effectu\u00e9s entre les 2 p\u00e9riodes de formation, la dur\u00e9e estim\u00e9e de ces travaux est de 4 heures en sus.<\/p>\n\n\n\n<h2 class=\"wp-block-heading\">Pr\u00e9requis participant :<\/h2>\n\n\n\n<p>Aucun pr\u00e9requis n\u00e9cessaire<\/p>\n\n\n\n<h2 class=\"wp-block-heading\">Pr\u00e9requis structure :<\/h2>\n\n\n\n<ul>\n<li>Le dirigeant ou la personne ayant d\u00e9l\u00e9gation de pouvoir, doit avoir les comp\u00e9tences requises en management sant\u00e9 et s\u00e9curit\u00e9<\/li>\n\n\n\n<li>Constitution d&rsquo;un groupe pilote et comit\u00e9 de pilotage<\/li>\n\n\n\n<li>L&rsquo;\u00e9tablissement doit s&rsquo;engager dans une d\u00e9marche de pr\u00e9vention<\/li>\n<\/ul>\n\n\n\n<h2 class=\"wp-block-heading\">Public :<\/h2>\n\n\n\n<p>Toute personne ayant des activit\u00e9s de soins et d&rsquo;aide \u00e0 domicile d\u00e9sirant devenir acteur APS ASD ALM<\/p>\n\n\n\n<h2 class=\"wp-block-heading\">Modalit\u00e9s d&rsquo;organisation :<\/h2>\n\n\n\n<p>Minimum 4 participants et maximum 10 participants<\/p>\n\n\n\n<h2 class=\"wp-block-heading\">Objectifs de la formation :<\/h2>\n\n\n\n<p>A l&rsquo;issue de la formation, les participants devront \u00eatre capables :<\/p>\n\n\n\n<ul>\n<li>d&rsquo;observer et analyser toute situation de travail \u00e0 domicile, rep\u00e9rer les situations dangereuses et proposer des mesures de pr\u00e9vention adapt\u00e9es pour se pr\u00e9munir des dangers<\/li>\n\n\n\n<li>de ma\u00eetriser les conduites \u00e0 tenir et les gestes de premiers secours en situation d&rsquo;urgence<\/li>\n\n\n\n<li>de mettre en oeuvre une d\u00e9marche lui permettant d&rsquo;accompagner la mobilit\u00e9 du b\u00e9n\u00e9ficiaire, en prenant de lui et de soi<\/li>\n\n\n\n<li>de savoir \u00e0 qui et comment remonter ses suggestions d&rsquo;am\u00e9lioration au sein de la structure et en situation d&rsquo;urgence, alerter selon l&rsquo;organisation interne mise en place<\/li>\n<\/ul>\n\n\n\n<h2 class=\"wp-block-heading\">Contenu de la formation :<\/h2>\n\n\n\n<ul>\n<li>Se situer comme acteur de pr\u00e9vention pour soi, pour la structure<\/li>\n\n\n\n<li>Identifier les enjeux d&rsquo;un accompagnement<\/li>\n\n\n\n<li>Identifier les risques de son secteur d&rsquo;activit\u00e9, de son m\u00e9tier, pour agir en pr\u00e9vention<\/li>\n\n\n\n<li>Situer son r\u00f4le de SST dans l&rsquo;organisation des secours dans la structure<\/li>\n\n\n\n<li>Prot\u00e9ger<\/li>\n\n\n\n<li>Examiner<\/li>\n\n\n\n<li>Garantir une alerte favorisant l&rsquo;arriv\u00e9e de secours adapt\u00e9s au plus pr\u00e8s de la victime<\/li>\n\n\n\n<li>Secourir\n<ul>\n<li>La victime saigne abondamment<\/li>\n\n\n\n<li>La victime s&rsquo;\u00e9touffe<\/li>\n\n\n\n<li>La victime se plaint de malaise<\/li>\n\n\n\n<li>La victime se plaint de br\u00fblure<\/li>\n\n\n\n<li>La victime se plaint d&rsquo;une douleur emp\u00eachant certains mouvements<\/li>\n\n\n\n<li>La victime se plaint d&rsquo;une plaie qui ne saigne pas abondamment<\/li>\n\n\n\n<li>La victime ne r\u00e9pond pas mais elle respire<\/li>\n\n\n\n<li>La victime ne r\u00e9pond pas et ne respire pas<\/li>\n<\/ul>\n<\/li>\n\n\n\n<li>Observer et analyser une situation de travail<\/li>\n\n\n\n<li>Proposer des am\u00e9liorations de sa situation de travail<\/li>\n\n\n\n<li>Remonter l&rsquo;information aux personnes concern\u00e9es<\/li>\n\n\n\n<li>Les \u00e9tapes n\u00e9cessaires aux d\u00e9placements naturels<\/li>\n\n\n\n<li>Analyser la situation d&rsquo;un accompagnement<\/li>\n\n\n\n<li>Caract\u00e9riser les aides techniques au regard des situations d&rsquo;accompagnement<\/li>\n\n\n\n<li>Mettre en oeuvre un accompagnement \u00e0 partir de son analyse en prenant soin de la personne aid\u00e9e et de soi<\/li>\n\n\n\n<li>Mise en pratique de l&rsquo;ALM<\/li>\n\n\n\n<li>Piste d&rsquo;am\u00e9lioration<\/li>\n<\/ul>\n\n\n\n<h2 class=\"wp-block-heading\">Moyens et m\u00e9thodes p\u00e9dagogiques :<\/h2>\n\n\n\n<ul>\n<li>Apports didactiques, travaux en sous-groupe et exercices pratiques<\/li>\n\n\n\n<li>M\u00e9thode heuristique, d\u00e9monstrative, applicative, \u00e9change des pratiques et d\u00e9marche r\u00e9flexible<\/li>\n\n\n\n<li>Des documents et supports seront mis \u00e0 disposition des participants pour la r\u00e9alisation des travaux, et une fiche de proposition d&rsquo;am\u00e9lioration sera r\u00e9alis\u00e9e et remise \u00e0 l&rsquo;\u00e9quipe du groupe de travail<\/li>\n<\/ul>\n\n\n\n<h2 class=\"wp-block-heading\">Modalit\u00e9s d&rsquo;\u00e9valuation et tra\u00e7abilit\u00e9 :<\/h2>\n\n\n\n<ul>\n<li>Evaluation p\u00e9dagogique tout au long de la formation en lien avec les objectifs p\u00e9dagogiques<\/li>\n\n\n\n<li>Attestation de fin de formation : remis au participant<\/li>\n\n\n\n<li>Questionnaire de satisfaction et d&rsquo;auto-\u00e9valuation remis \u00e0 chaque participant<\/li>\n\n\n\n<li>Feuille d&rsquo;\u00e9margement des participants<\/li>\n<\/ul>\n\n\n\n<h2 class=\"wp-block-heading\">Certification de la formation :<\/h2>\n\n\n\n<p>L&rsquo;\u00e9valuation utilis\u00e9e pour la validation, est celle d\u00e9finie par l&rsquo;INRS \u00e0 l&rsquo;aide des \u00e9preuves certificatives d\u00e9finies dans le document de r\u00e9f\u00e9rence V9-01\/2021.<\/p>\n\n\n\n<p>Seuls les candidats qui ont suivi la totalit\u00e9 de la formation et qui ont satisfait aux \u00e9preuves certificatives peuvent pr\u00e9tendre \u00e0 l&rsquo;obtention du certificat d&rsquo;acteur APS ASD ALM (Mod\u00e8le National Forprev)<\/p>\n\n\n\n<p>En plus du certificat, le dispensateur de la formation d\u00e9livre une attestation de formation mentionnant la dur\u00e9e et pr\u00e9cisant que le nouveau domaine comp\u00e9tence ALM a \u00e9t\u00e9 acquis.<\/p>\n\n\n\n<p>Une formation maintien et actualisation des comp\u00e9tences (MAC) doit avoir lieu avec un intervalle maximum de 24 mois d&rsquo;une dur\u00e9e de 14h00<\/p>\n\n\n\n<h2 class=\"wp-block-heading\">Lieu de la formation :<\/h2>\n\n\n\n<p>En intra<\/p>\n\n\n\n<h2 class=\"wp-block-heading\">Formateur :<\/h2>\n\n\n\n<p>Formateur APS ASD en ordre de validation certifi\u00e9 par l&rsquo;INRS et ayant suivi le module compl\u00e9mentaire ALM.<\/p>\n\n\n\n<div class=\"wp-block-group\"><div class=\"wp-block-group__inner-container is-layout-constrained wp-block-group-is-layout-constrained\">\n<h2 class=\"wp-block-heading\">D\u00e9lais et modalit\u00e9s d&rsquo;acc\u00e8s :<\/h2>\n\n\n\n<p>Prendre contact avec notre organisme de formation<\/p>\n\n\n\n<p>Le d\u00e9lai d&rsquo;acc\u00e8s est r\u00e9gi par l&rsquo;agenda de l&rsquo;organisme de formation (entre 2 et 8 semaines \u00e0 r\u00e9ception du devis valid\u00e9)<\/p>\n<\/div><\/div>\n\n\n\n<h2 class=\"wp-block-heading\">Tarif :<\/h2>\n\n\n\n<p>En intra :  nous contacter<\/p>\n\n\n\n<p>En inter : nous contacter<\/p>\n\n\n\n<figure class=\"wp-block-table\"><table class=\"has-very-light-gray-to-cyan-bluish-gray-gradient-background has-background\"><tbody><tr><td><mark style=\"background-color:rgba(0, 0, 0, 0)\" class=\"has-inline-color has-background-color-color\">Taux de satisfaction de la formation<\/mark> :<\/td><td>NC<\/td><td>Taux de r\u00e9ussite de la formation<\/td><td>NC<\/td><\/tr><\/tbody><\/table><\/figure>\n\n\n\n<p class=\"has-text-align-center has-accent-color has-text-color\"><strong><a href=\"https:\/\/rescue-normandie-formation.fr\/?page_id=212\">Accessibilit\u00e9 pour les personnes en situation de handicap<\/a><\/strong><\/p>\n\n\n\n<p class=\"has-text-align-center\">Vous souhaitez t\u00e9l\u00e9charger le document relatif \u00e0 la formation APS ASD ALM ?<\/p>\n\n\n\n<div id=\"wp-block-themeisle-blocks-button-group-89e4569e\" class=\"wp-block-themeisle-blocks-button-group wp-block-buttons align-center-desktop\">\n<div id=\"wp-block-themeisle-blocks-button-75ff6672\" class=\"wp-block-themeisle-blocks-button wp-block-button\"><a href=\"https:\/\/rescue-normandie-formation.fr\/wp-content\/uploads\/2023\/10\/Programme-APS-ASD-ALM.pdf\" target=\"_self\" rel=\"noopener noreferrer\" class=\"wp-block-button__link\"><i class=\"fas fa-fw fa-file-download margin-right\"><\/i><span>T\u00e9l\u00e9charger le programme<\/span><\/a><\/div>\n<\/div>\n\n\n\n<p class=\"has-text-align-center\">R\u00e9f : APS ASDALM001 Version : V1 du 27\/07\/2023<\/p>\n\n\n\n<div class=\"wp-block-buttons has-custom-font-size has-medium-font-size is-content-justification-center is-layout-flex wp-container-core-buttons-is-layout-1 wp-block-buttons-is-layout-flex\" style=\"font-style:italic;font-weight:800\">\n<div class=\"wp-block-button has-custom-width wp-block-button__width-50\"><a class=\"wp-block-button__link wp-element-button\" href=\"https:\/\/rescue-normandie-formation.fr\/#menuFormations\">Voir les autres formations<\/a><\/div>\n<\/div>\n","protected":false},"excerpt":{"rendered":"<p>Acteur en Pr\u00e9vention Secours du secteur de l&rsquo;Aide et du Soin \u00e0 Domicile incluant l&rsquo;accompagnement de la mobilit\u00e9 de la personne aid\u00e9e, en prenant soin de l&rsquo;autre et de soi Dur\u00e9e : 4,5 jours non cons\u00e9cutifs 32 heures en pr\u00e9sentiel (22h00 pour la partie pr\u00e9vention dont 14 heures consacr\u00e9es \u00e0 [&hellip;]<\/p>\n","protected":false},"author":1,"featured_media":0,"parent":0,"menu_order":0,"comment_status":"closed","ping_status":"closed","template":"","meta":{"_themeisle_gutenberg_block_has_review":false,"footnotes":""},"_links":{"self":[{"href":"https:\/\/rescue-normandie-formation.fr\/index.php?rest_route=\/wp\/v2\/pages\/784"}],"collection":[{"href":"https:\/\/rescue-normandie-formation.fr\/index.php?rest_route=\/wp\/v2\/pages"}],"about":[{"href":"https:\/\/rescue-normandie-formation.fr\/index.php?rest_route=\/wp\/v2\/types\/page"}],"author":[{"embeddable":true,"href":"https:\/\/rescue-normandie-formation.fr\/index.php?rest_route=\/wp\/v2\/users\/1"}],"replies":[{"embeddable":true,"href":"https:\/\/rescue-normandie-formation.fr\/index.php?rest_route=%2Fwp%2Fv2%2Fcomments&post=784"}],"version-history":[{"count":13,"href":"https:\/\/rescue-normandie-formation.fr\/index.php?rest_route=\/wp\/v2\/pages\/784\/revisions"}],"predecessor-version":[{"id":933,"href":"https:\/\/rescue-normandie-formation.fr\/index.php?rest_route=\/wp\/v2\/pages\/784\/revisions\/933"}],"wp:attachment":[{"href":"https:\/\/rescue-normandie-formation.fr\/index.php?rest_route=%2Fwp%2Fv2%2Fmedia&parent=784"}],"curies":[{"name":"wp","href":"https:\/\/api.w.org\/{rel}","templated":true}]}}

<p>Acteur en Prévention Secours du secteur de l&rsquo;Aide et du Soin à Domicile incluant l&rsquo;accompagnement de la mobilité de la personne aidée, en prenant soin de l&rsquo;autre et de soi</p>



<h2 class="wp-block-heading">Durée :</h2>



<p>4,5 jours non consécutifs</p>



<p>32 heures en présentiel (22h00 pour la partie prévention dont 14 heures consacrées à l&rsquo;ALM et 10h00 au SST) en séquence non consécutives + travaux d&rsquo;intersessions effectués entre les 2 périodes de formation, la durée estimée de ces travaux est de 4 heures en sus.</p>



<h2 class="wp-block-heading">Prérequis participant :</h2>



<p>Aucun prérequis nécessaire</p>



<h2 class="wp-block-heading">Prérequis structure :</h2>



<ul>
<li>Le dirigeant ou la personne ayant délégation de pouvoir, doit avoir les compétences requises en management santé et sécurité</li>



<li>Constitution d&rsquo;un groupe pilote et comité de pilotage</li>



<li>L&rsquo;établissement doit s&rsquo;engager dans une démarche de prévention</li>
</ul>



<h2 class="wp-block-heading">Public :</h2>



<p>Toute personne ayant des activités de soins et d&rsquo;aide à domicile désirant devenir acteur APS ASD ALM</p>



<h2 class="wp-block-heading">Modalités d&rsquo;organisation :</h2>



<p>Minimum 4 participants et maximum 10 participants</p>



<h2 class="wp-block-heading">Objectifs de la formation :</h2>



<p>A l&rsquo;issue de la formation, les participants devront être capables :</p>



<ul>
<li>d&rsquo;observer et analyser toute situation de travail à domicile, repérer les situations dangereuses et proposer des mesures de prévention adaptées pour se prémunir des dangers</li>



<li>de maîtriser les conduites à tenir et les gestes de premiers secours en situation d&rsquo;urgence</li>



<li>de mettre en oeuvre une démarche lui permettant d&rsquo;accompagner la mobilité du bénéficiaire, en prenant de lui et de soi</li>



<li>de savoir à qui et comment remonter ses suggestions d&rsquo;amélioration au sein de la structure et en situation d&rsquo;urgence, alerter selon l&rsquo;organisation interne mise en place</li>
</ul>



<h2 class="wp-block-heading">Contenu de la formation :</h2>



<ul>
<li>Se situer comme acteur de prévention pour soi, pour la structure</li>



<li>Identifier les enjeux d&rsquo;un accompagnement</li>



<li>Identifier les risques de son secteur d&rsquo;activité, de son métier, pour agir en prévention</li>



<li>Situer son rôle de SST dans l&rsquo;organisation des secours dans la structure</li>



<li>Protéger</li>



<li>Examiner</li>



<li>Garantir une alerte favorisant l&rsquo;arrivée de secours adaptés au plus près de la victime</li>



<li>Secourir
<ul>
<li>La victime saigne abondamment</li>



<li>La victime s&rsquo;étouffe</li>



<li>La victime se plaint de malaise</li>



<li>La victime se plaint de brûlure</li>



<li>La victime se plaint d&rsquo;une douleur empêchant certains mouvements</li>



<li>La victime se plaint d&rsquo;une plaie qui ne saigne pas abondamment</li>



<li>La victime ne répond pas mais elle respire</li>



<li>La victime ne répond pas et ne respire pas</li>
</ul>
</li>



<li>Observer et analyser une situation de travail</li>



<li>Proposer des améliorations de sa situation de travail</li>



<li>Remonter l&rsquo;information aux personnes concernées</li>



<li>Les étapes nécessaires aux déplacements naturels</li>



<li>Analyser la situation d&rsquo;un accompagnement</li>



<li>Caractériser les aides techniques au regard des situations d&rsquo;accompagnement</li>



<li>Mettre en oeuvre un accompagnement à partir de son analyse en prenant soin de la personne aidée et de soi</li>



<li>Mise en pratique de l&rsquo;ALM</li>



<li>Piste d&rsquo;amélioration</li>
</ul>



<h2 class="wp-block-heading">Moyens et méthodes pédagogiques :</h2>



<ul>
<li>Apports didactiques, travaux en sous-groupe et exercices pratiques</li>



<li>Méthode heuristique, démonstrative, applicative, échange des pratiques et démarche réflexible</li>



<li>Des documents et supports seront mis à disposition des participants pour la réalisation des travaux, et une fiche de proposition d&rsquo;amélioration sera réalisée et remise à l&rsquo;équipe du groupe de travail</li>
</ul>



<h2 class="wp-block-heading">Modalités d&rsquo;évaluation et traçabilité :</h2>



<ul>
<li>Evaluation pédagogique tout au long de la formation en lien avec les objectifs pédagogiques</li>



<li>Attestation de fin de formation : remis au participant</li>



<li>Questionnaire de satisfaction et d&rsquo;auto-évaluation remis à chaque participant</li>



<li>Feuille d&rsquo;émargement des participants</li>
</ul>



<h2 class="wp-block-heading">Certification de la formation :</h2>



<p>L&rsquo;évaluation utilisée pour la validation, est celle définie par l&rsquo;INRS à l&rsquo;aide des épreuves certificatives définies dans le document de référence V9-01/2021.</p>



<p>Seuls les candidats qui ont suivi la totalité de la formation et qui ont satisfait aux épreuves certificatives peuvent prétendre à l&rsquo;obtention du certificat d&rsquo;acteur APS ASD ALM (Modèle National Forprev)</p>



<p>En plus du certificat, le dispensateur de la formation délivre une attestation de formation mentionnant la durée et précisant que le nouveau domaine compétence ALM a été acquis.</p>



<p>Une formation maintien et actualisation des compétences (MAC) doit avoir lieu avec un intervalle maximum de 24 mois d&rsquo;une durée de 14h00</p>



<h2 class="wp-block-heading">Lieu de la formation :</h2>



<p>En intra</p>



<h2 class="wp-block-heading">Formateur :</h2>



<p>Formateur APS ASD en ordre de validation certifié par l&rsquo;INRS et ayant suivi le module complémentaire ALM.</p>



<div class="wp-block-group"><div class="wp-block-group__inner-container is-layout-constrained wp-block-group-is-layout-constrained">
<h2 class="wp-block-heading">Délais et modalités d&rsquo;accès :</h2>



<p>Prendre contact avec notre organisme de formation</p>



<p>Le délai d&rsquo;accès est régi par l&rsquo;agenda de l&rsquo;organisme de formation (entre 2 et 8 semaines à réception du devis validé)</p>
</div></div>



<h2 class="wp-block-heading">Tarif :</h2>



<p>En intra :  nous contacter</p>



<p>En inter : nous contacter</p>



<figure class="wp-block-table"><table class="has-very-light-gray-to-cyan-bluish-gray-gradient-background has-background"><tbody><tr><td><mark style="background-color:rgba(0, 0, 0, 0)" class="has-inline-color has-background-color-color">Taux de satisfaction de la formation</mark> :</td><td>NC</td><td>Taux de réussite de la formation</td><td>NC</td></tr></tbody></table></figure>



<p class="has-text-align-center has-accent-color has-text-color"><strong><a href="https://rescue-normandie-formation.fr/?page_id=212">Accessibilité pour les personnes en situation de handicap</a></strong></p>



<p class="has-text-align-center">Vous souhaitez télécharger le document relatif à la formation APS ASD ALM ?</p>



<div id="wp-block-themeisle-blocks-button-group-89e4569e" class="wp-block-themeisle-blocks-button-group wp-block-buttons align-center-desktop">
<div id="wp-block-themeisle-blocks-button-75ff6672" class="wp-block-themeisle-blocks-button wp-block-button"><a href="https://rescue-normandie-formation.fr/wp-content/uploads/2023/10/Programme-APS-ASD-ALM.pdf" target="_self" rel="noopener noreferrer" class="wp-block-button__link"><i class="fas fa-fw fa-file-download margin-right"></i><span>Télécharger le programme</span></a></div>
</div>



<p class="has-text-align-center">Réf : APS ASDALM001 Version : V1 du 27/07/2023</p>



<div class="wp-block-buttons has-custom-font-size has-medium-font-size is-content-justification-center is-layout-flex wp-container-core-buttons-is-layout-1 wp-block-buttons-is-layout-flex" style="font-style:italic;font-weight:800">
<div class="wp-block-button has-custom-width wp-block-button__width-50"><a class="wp-block-button__link wp-element-button" href="https://rescue-normandie-formation.fr/#menuFormations">Voir les autres formations</a></div>
</div>

<p>Acteur en Prévention Secours du secteur de l&rsquo;Aide et du Soin à Domicile incluant l&rsquo;accompagnement de la mobilité de la personne aidée, en prenant soin de l&rsquo;autre et de soi Durée : 4,5 jours non consécutifs 32 heures en présentiel (22h00 pour la partie prévention dont 14 heures consacrées à [&hellip;]</p>
